 3*i + 36 - 136. What is the highest common factor of i and 175?
25
Let b(k) = -3*k - 12. Let n be b(-5). Let u(z) = 9*z**2 - z - 1. Let c be u(n). Calculate the greatest common divisor of c and 11.
11
Let d = -180 + 360. Suppose 9*u = 4*u - 4*b + 500, -2*u = -b - 200. Suppose l - u = -4*l. Calculate the greatest common divisor of l and d.
20
Let k = 217 - 102. Let a = k - 60. What is the greatest common divisor of a and 5?
5
Let b be -6*(51/(-6) - 0). Let f = -15 + b. Calculate the highest common divisor of 12 and f.
12
Suppose 0 = 4*v - 5*j - 40, -2*v + 3*j = 4 - 22. Let b = 383 - 248. Calculate the greatest common factor of b and v.
15
Suppose -4*l + y + 394 = 0, -156 = -l - 5*y - 47. Suppose 3*k - 4*k = -l. Calculate the greatest common divisor of k and 11.
11
Let o(t) = 3*t + 1. Let y be o(4). Let q = 278 + -161. Calculate the highest common divisor of q and y.
13
Let c(y) = y**3 + 6*y**2 + 4*y - 3. Let v be c(-5). Suppose v*r - 1 - 5 = -2*w, 4*w + 28 = r. Let k = r - 1. What is the greatest common factor of 63 and k?
7
Let r be 10/(-45) - (-600)/27. What is the highest common divisor of 11 and r?
11
Let s be (-1 + 0)/((-2)/24). Suppose 0 = -4*m + m + s. Let z = 13 + -1. What is the highest common factor of z and m?
4
Let m(n) = n + 8. Let r be m(-5). Calculate the greatest common factor of 7 and r.
1
Suppose 0 = 4*y - 3*a - 80, -3*y + 80 = y - 5*a. Calculate the greatest common factor of y and 180.
20
Let w = 116 - -1294. Let u be (-2)/5 + w/25. Calculate the highest common factor of u and 7.
7
Suppose -4*y = -7*s + 4*s + 152, -2*s + 105 = y. Calculate the greatest common factor of s and 13.
13
Let r(c) = 2*c**3 + 41*c**2 + 18*c - 16. Let a be r(-20). What is the greatest common factor of a and 3?
3
Let j(a) = -a + 14. Let u be j(8). Calculate the highest common divisor of 42 and u.
6
Suppose -12 = 3*t - 7*t. Suppose -m = f + t*m - 30, -4*f + 4*m + 40 = 0. Calculate the greatest common divisor of f and 154.
14
Let q be 84/8 + (-3)/6. Let i(t) = -t + 2. Let l be i(-2). Suppose -k = -0*k - l. Calculate the greatest common factor of q and k.
2
Let x be (5 + 0)*16/(-10). Let s be (-54)/(-24) - (-2)/x. What is the highest common factor of s and 8?
2
Let z(a) = -10*a - 1. Let m be z(-2). What is the highest common divisor of 133 and m?
19
Let h be 10/(-35) - 135/(-7). What is the greatest common divisor of h and 76?
19
Let q = 4 + -5. Let d(v) = -5*v**3 + v**2 + v. Let u be d(q). Suppose -308 = -5*a - c + 680, -u*c - 10 = 0. What is the greatest common divisor of 18 and a?
18
Suppose 2*k + 5*q = 267, -2*k + 3*k - q - 116 = 0. Calculate the greatest common factor of 11 and k.
11
Let c = -30 - -135. What is the greatest common divisor of 15 and c?
15
Suppose -5*l = 2*m - 23, -10 = -4*l + 2. Suppose m = -3*f + 22. Let u be (12/(-10))/((-1)/5). What is the highest common divisor of u and f?
6
Let o = 8 - 4. Let r be 71 - (-3 - -1*o). Calculate the greatest common divisor of 10 and r.
10
Let a be (-6)/15 - 164/(-10). Calculate the greatest common factor of a and 4.
4
Let x = -131 + 195. Calculate the greatest common divisor of 8 and x.
8
Suppose -85*t = -84*t - 51. Calculate the highest common factor of t and 17.
17
Suppose 32 = -s + 3*s. Suppose -j - 4*x = -48 - s, 191 = 4*j + 3*x. What is the greatest common factor of j and 11?
11
Let x = 130 - 73. Calculate the greatest common factor of x and 38.
19
Let l be (-219)/(-3) - (-5 + 3). What is the greatest common factor of 15 and l?
15
Let f be 8 - 55 - (0 + 1). Let a be (-1)/(3*(-1)/f). Let h = a + 96. Calculate the greatest common divisor of h and 8.
8
Suppose 4*b = -0*b + 3*x + 377, 4*b = -4*x + 412. What is the highest common divisor of b and 28?
14
Let q be 3 + 105 + -1*1. Suppose 2*z + 27 - q = 0. Let c be -48*1*4/(-12). What is the highest common divisor of z and c?
8
Let d be 3/3 - -1*3 - -24. Calculate the greatest common divisor of d and 14.
14
Let d be 3 + 4 + -1 + -10. Let h = d + 8. Suppose 40 = 5*k + 5*c, -k = -h*c - 29 + 6. What is the greatest common factor of k and 1?
1
Suppose -2*b = -5*b - 27. Let m be (9/b)/(1/(-2)). Calculate the greatest common factor of 3 and m.
1
Suppose 4*t = -t. Suppose -4*m - 1 + 9 = t. Suppose 0 = 7*q - 12 - 30. Calculate the greatest common divisor of m and q.
2
Let c = 311 + -207. Let d be (-1)/(-4) - (-21)/12. Suppose 2*m = -d*m + 52. Calculate the highest common factor of m and c.
13
Let h(g) = 17*g**2 - 9*g - 8. Let f be h(-1). Let z be -18*(-1)/((-2)/(-3)). What is the highest common divisor of z and f?
9
Let f be 8*(70/(-4))/(-7). Let l = -60 + 90. What is the greatest common divisor of l and f?
10
Let l(c) be the second derivative of -2*c**3/3 + 4*c**2 - 2*c. Let z be l(-6). Let h be 4*(23 - 2 - 1). Calculate the highest common divisor of h and z.
16
Suppose n - 520 = -3*n. Suppose 6*g = g + n. Suppose -y = 4*f - 156, 4 + 35 = f + 3*y. Calculate the highest common divisor of f and g.
13
Let g(b) = b**3 - 2*b**2 - b. Let v be g(3). What is the greatest common divisor of v and 48?
6
Suppose -y - 5*r - 30 = 0, 5*r = 6*y - y. Let w be (-3)/15 + (-36)/y. Calculate the highest common factor of 49 and w.
7
Suppose -2*o = 1 - 13. Calculate the greatest common factor of 3 and o.
3
Let b(k) = -k**2 - 13*k - 6. Let d be b(-7). Calculate the highest common factor of 4 and d.
4
Suppose -37 = -5*z + 4*h + 113, 0 = 2*z + 3*h - 37. What is the highest common divisor of 286 and z?
26
Let d be (-3 + -5*7)*(-4)/4. Calculate the greatest common divisor of d and 152.
38
Suppose -3 = -2*j - 2*j + w, 4*w - 10 = 5*j. Suppose 2*m + 52 = 3*k, k + j*m - 4 = 16. What is the highest common factor of k and 162?
18
Suppose 4*q = s + s - 94, -5*q = 4*s - 240. Suppose -4*f + 3*f = -s. Calculate the highest common divisor of f and 5.
5
Let k be 15/2*88/3. Let d = 107 + -87. What is the highest common factor of k and d?
20
Suppose 2 = 5*c - 68. Suppose 4*l + 3*a - c = 15, -2*a - 2 = 0. Suppose 0 = -j - 3*j + 256. What is the highest common divisor of j and l?
8
Let t(f) = 9*f**2 - 7*f + 2. Let b be t(5). Let i(j) = -j**2 + 9*j + 6. Let k be i(6). Calculate the highest common factor of k and b.
24
Suppose -6*s + s = 5*p - 35, -5*p + 2*s + 35 = 0. What is the greatest common factor of p and 217?
7
Suppose 0 = -3*w + 5*g + 75, -5*w - 5*g + 85 = -0*g. What is the highest common divisor of w and 8?
4
Let o be (1/2)/(1/6). Let g = o - -6. Suppose 3*h - 2*h = 5, -4*i - 4*h = -164. Calculate the greatest common factor of g and i.
9
Let b(v) = -v**2 - 3 + 2 + v**3 + 0*v**2. Let a be b(0). Let i(m) = 5*m**2 - 1. Let k be i(a). Calculate the greatest common divisor of 16 and k.
4
Let l(s) = -6*s - 14. Let x be l(-5). Calculate the highest common factor of 8 and x.
8
Let q = 2 + 0. Let b be 7 + (q - -2 - 3). What is the highest common factor of b and 32?
8
Let t(b) = 7*b**2 + b - 2. Let w be t(2). Calculate the greatest common divisor of 7 and w.
7
Suppose 4*s - 6*s + 6 = 0. Suppose 3*j = 2*x - 48, 5*x = s*j - 43 + 172. Calculate the greatest common factor of 18 and x.
9
Let i be (19 + 2 - -2) + 2. Suppose 0 = 3*a - i - 119. Calculate the highest common factor of 32 and a.
16
Suppose 4*z + 3*i = 8*i + 493, -4*z - 2*i + 458 = 0. What is the greatest common divisor of 13 and z?
13
Let m be (-4)/18 + (-411)/(-27). Calculate the highest common factor of 15 and m.
15
Let p be (1 + 1 + -1)*0. Let y(t) = t**3 - 2*t**2 - 1. Let k be y(2). Let f = p - k. What is the greatest common divisor of 2 and f?
1
Let q(k) = k**3 + 9*k**2 + 7*k + 5. Let d be q(-8). Let h = -8 + d. Calculate the highest common factor of 15 and h.
5
Suppose -6*r + 72 = 2*h - 2*r, 0 = -5*r - 10. Suppose -5*p + 4*a - 6 = 0, 0*p - 2*p = -2*a + 4. Let s = 12 - p. What is the greatest common divisor of s and h?
10
Suppose -14*h - h = -3825. What is the greatest common divisor of 15 and h?
15
Let u be ((-12)/16)/(1/4). Let c be (2/u)/((-2)/12). Suppose c*y + 65 = 9*y. What is the highest common divisor of 117 and y?
13
Suppose 6*t + 2*z = 3*t + 124, 4*t = 3*z + 188. What is the highest common divisor of 4 and t?
4
Suppose 0 = -2*f + 5*f - 30. Let k(i) = i**2 - 8*i - 44. Let t be k(14). Calculate the highest common factor of f and t.
10
Let z = -143 + 162. Calculate the highest common factor of z and 304.
19
Let p be (110/3)/(7/42). 